 - (5 - (73 - 4))
73
(6 - 6) + -11 + 25
14
Evaluate -44 + (61 - 53) + -16.
-52
Evaluate (-20 - -28) + -17 + 12 - (2 + 124).
-123
10 + 9 + -20 + -13 - (-1 + -2) - 103
-114
What is the value of 29 + (-177 - (-128 + -7))?
-13
10 - (-9 - (-50 - 23) - (16 - 6))
-44
Evaluate 56 - (174 - 94) - (-9 + 2).
-17
What is the value of 57 + -55 + -26 - (-17 - 3)?
-4
Calculate -12 + 24 + 14 + 21 + -6.
41
Evaluate (2 - (-1 - -5)) + 8 - (-120 - -164 - 9).
-29
(-3 + 14 - (-8 - (-2 + 17 + -14))) + 11
31
What is (-20 + (-15 - -52) - -3) + -21?
-1
0 + -8 + -23 + 31 + -42
-42
What is the value of (162 + -172 - (1 + (1 - -4))) + (0 - 47)?
-63
3 - 1 - 2 - -12 - (-212 + 218)
6
What is 3 + -37 - (-1356 + 1306)?
16
Calculate 6 + -15 + (0 - 3) + (1 - -47).
36
Calculate 64 + 98 - (67 + 83).
12
Calculate -21 + 17 - (-11 + 9 + -45 + 7).
36
30 - ((-52 - -22) + 130)
-70
What is (1 - (-1 - ((3 - -10) + -10 + -3))) + -111?
-109
Evaluate 85 - ((-16 - (17 - 16 - 17)) + 7).
78
-17 - -16 - (4 + -2) - -103
100
(-1 + 0 - 29 - (-188 - -188)) + 8
-22
What is (92 - 14 - 178) + 2 + 22?
-76
What is (0 - 8) + 245 + -242 + (-4 - 3) + -5?
-17
What is -109 + 1 + 5 + -8 - (380 - 365)?
-126
Evaluate 1 + 2 + 0 + 10 - (2656 + -2618).
-25
Evaluate (0 - 1) + 23 + (-297 - -285) + -18.
-8
Evaluate 40 - (-5 - (-12 + 9 + -5 + -13)).
24
Calculate (-4 + -5 - 5) + 9 - (6 + 12 + -32).
9
Calculate -8 + 0 + (1 - -91) + (-7 - -54) + -72.
59
Calculate 9 + -16 - (-26 - (-42 + 2 + 32)).
11
Calculate (-14 + -2 - 11) + (-18 - -11).
-34
Evaluate (-12 - -8 - 2 - -8) + (-5 - -1) + 4.
2
Evaluate 20 - (-39 + 58 + -1 - 96).
98
What is (-2 + (8 - 3 - 8) - -1) + -30 + -6?
-40
Calculate (38 - (-36 + 61) - 6) + -40.
-33
(11 + -149 - -109) + (-1 - (0 + -14))
-16
Calculate (1 - ((2 - -8) + 1) - (238 + -241)) + 107.
100
Calculate 24 - 15 - ((6 - (0 + -75)) + (-7 - -4)).
-69
Calculate 25 + 73 + 56 + -152.
2
Evaluate (-1 - (0 + -6) - (-5 - (-14 + 9))) + 6.
11
Calculate (8 + -14 - 27) + (3 - -3) - (-26 + 12).
-13
What is the value of (9 - (-1 + 13 + 23)) + 68?
42
Evaluate 7 + (6 - -112) + (6 - (-9 - -35)).
105
What is the value of 1 - 26 - ((18 - 45) + 7)?
-5
0 + -177 + 168 + -1 + 9 - (-4 - 0)
3
2 + -33 + (8 - (3 + 11)) + 13
-24
Calculate -10 + -28 + -52 + 127.
37
Evaluate 4 + -3 + -10 + 19 - -103 - (7 + -2).
108
-1 + -2 - (-6598 + 6529 + (29 - -1) + -1)
37
What is -22 + -21 + -1 + 57 + 8?
21
What is 38 + ((-24 - -14) + -30 - -23)?
21
Calculate -28 + 49 - (-163 + 302).
-118
What is the value of 47 + 6 + -41 + (135 - 111)?
36
Calculate (3 - 70) + -4 + (2637 - 2599).
-33
What is -14 - (-56 + -1 + (23 - -3 - 16))?
33
(0 - -2) + (-3 - 6) + (94 - 90) + -93
-96
What is the value of (0 - -35) + (17 - (17 - -4) - 0)?
31
Calculate -79 + (-76 - (-108 - -59)).
-106
What is the value of 4 - -2 - (-22 - -60)?
-32
What is (-19 - -40) + -15 + (-9 - 0)?
-3
Calculate (-12 - -19 - -18) + -3 + (-7 - 2).
13
Calculate -6 - (19 + -30 + 3) - -24.
26
Calculate -4 + (3 - 1 - 2) + -2383 + 2469.
82
Evaluate -44 - (-104 - (0 + -42)).
18
-365 + 346 + -3 + 46 + -4
20
Evaluate 90 + -80 - -60 - 39.
31
What is the value of -13 + -13 + 36 - 5 - (-6 + 0)?
11
What is the value of -18 + -65 + -55 - -87?
-51
-11 - (7 - (18 - 100)) - (2 + (4 - -2))
-108
What is -88 + -5 + (10 - -1) + (472 - 494)?
-104
What is the value of 51 + 47 + -52 + -99?
-53
What is -44 + (0 - 7) - (-873 - -884)?
-62
(-59 - (0 + -6)) + 14 + -8 + 14
-33
Calculate (147 - 131 - (0 + 10)) + -7.
-1
What is (20 - (-15 + 2)) + 13?
46
Calculate (-162 - -142 - -34) + (3 - (12 + -3)).
8
Evaluate -13 - 2 - (11 - (14 + 72) - 1).
61
Evaluate -14 - (-4 - (0 + 20 + 9 + -17)).
2
Calculate -39 + 62 + -44 + 2 + 43.
24
Calculate 11 - (4 - (1 + 35 + (2 - -5))).
50
What is (-30 - 40) + -39 + 158?
49
What is (17 + -8 - 47) + (174 - 220)?
-84
What is 44 - (-131 + -57 + 234)?
-2
What is the value of 1 + -72 + 22 + 19?
-30
What is the value of (-7 - 3) + (28 - 12 - 91) + -2?
-87
Evaluate (-22 - 90 - -53) + 11.
-48
Calculate -14 + (-2 - 8) - (4 + -11 + -6).
-11
What is the value of 89 + -15 - (-181 - -178)?
77
What is -5 - (-3 - 5) - (-3 - (2 + 0)) - 0?
8
Calculate -5 + 2 - 35 - ((6 - 4 - 2) + 3).
-41
(-71 - -49) + (-2 - 5) - -80
51
What is the value of 35 - (-11 - (-57 + 54))?
43
What is the value of 87 - -71 - 65 - 55?
38
Evaluate (-2 - -15) + -9 - (10 - 4) - (239 - 253).
12
What is the value of 16 + (26 - (107 - 36))?
-29
Evaluate -15 - -27 - ((-12 - -8) + 12) - -21.
25
What is the value of (4 - (12 - (-4 + 18))) + (-4 - -1) - 41?
-38
Calculate -34 - ((-102 - -61) + -73).
80
Calculate 24 - (83 + -32) - (14 - -13).
-54
(31 - 53) + (-1 - 17) + -19 + 26
-33
Evaluate 36 + 41 + -127 + (6 + -3 - (2 + 14)).
-63
What is (-246 - -284) + 66 + (0 - 36)?
68
What is the value of (3 - -1) + 22 - (-10 + (4 - -32 - 16))?
16
What is 4 + (2 - -60) + (-5 + 24 - 28)?
57
-2 - -125 - (7556 - 7560)
127
5 + (1 - -56) + 6 - (-4 - -7 - 2)
67
What is the value of (18 - -13) + -30 - (10 - 9)?
0
Calculate 68 + -104 - -37 - -8.
9
(1 - 57) + ((5 - -1) + -6 - -10)
-46
What is 105 + 75 + (58 - 134) + 2 + 12?
118
Calculate (-436 - -408 - (0 - 33)) + 10.
15
Calculate -3 + (43 - 7) + -11 + -6 + 3.
19
What is 13 + -14 - 0 - (-22 - -29)?
-8
Evaluate 23 - 24 - ((8 - -13) + (16 - 2)).
-36
Evaluate -57 - -5 - (-89 - 18).
55
-48 - (8 - (31 + 2))
-23
What is the value of (-7 + -32 - -7) + -60 + 39?
-53
What is (155 - 63) + -48 - -13?
57
Evaluate -62 + 138 + (61 - 114).
23
Calculate (-4 + 12 - 38) + -15 + -40.
-85
Evaluate (5 - 32 - (-160 + 138)) + -66.
-71
What is 23 + -8 - ((0 + 0 - -8) + -17 - -8)?
16
Evaluate -28 - (7 + (42 - 21) + -18).
-38
(18 - (-1 + 55)) + 73
37
Calculate 1 + -36 - (186 + -171).
-50
What is the value of ((-53 - 26) + 91 - (24 - 0)) + (1 - -40)?
29
What is -87 - ((-14 - -13) + -39)?
-47
1 - (-9 - -11 - 8) - -28
35
Calculate -133 + 82 + 78 - 72.
-45
Calculate -13 - (-25 + 1 + -15 + 22).
4
Evaluate 3 + -51 + (-39 - -35).
-52
-1700 + 1765 - (2 + 133)
-70
What is the value of 97 - 46 - 78 - (-15 - 151)?
139
What is the value of 12 + 16 + -53 - (1 - 6)?
-20
What is (-19 + 37 - 5) + 6 + -21 + -1 + 31?
28
(-3 - -45) + (159 - 183)
18
(-2 - (-1 + (-10 - -4))) + (30 - -46) + 9
90
(2 - (-6 - 3)) + -5 + -4 - 58 - -1
-55
Calculate -38 + -4 + -28 + 20 + 7.
-43
Evaluate -79 + (3 - ((-11 - 0) + -1 + -17 + 20)).
-67
What is (-5 - (-15 + (9 - 6))) + 4 + -3?
8
Calculate -98 - -18 - (95 - 86).
-89
What is the value of -11 + 97 - (0 + 1 + -15 + 13)?
87
What is the value of (10 - -2) + (-43 - 9 - 2) + 10?
-32
Calculate -4 + -25 + -22 + 6.
-45
What is (-1 - -6 - -55) + 29 + -7 + -40?
42
What is the value of -34 - (122 + 67) - -88?
-135
-53 - (-53 - (17 - 26))
-9
Evaluate 41 + (2 - 10 - (-10 + 3 + 12)).
28
What is the value of -39 + (-11 - -38) + (1 - 81) + 0 + 1?
-91
What is (9 + -22 - -57) + (76 - -16)?
136
Evaluate (26 + -13 - 54) + (-16 + 6 + 15 - 14).
-50
Evaluate -82 + -5 + -6 + 42 + -5.
-56
Calculate -24 - -34 - ((-10 - -6 - -13) + 14).
-13
What is the value of -27 - -22 - 4 - 44?
-53
What is the value of -20 - (63 + -32 - -7)?
-58
Calculate (3 - 1 - (25 + 5)) + -146 + 145.
-29
Calculate -195 - -102 - -91 - -87.
85
5 + (14 - (-4 - 4 - -10) - 2)
15
20 - 89 - (-158 - -80)
9
What is the value of (-22 + -15 - -57) + 11?
31
What is the value of (-11 - (-6 + 11)) + 3 - -36?
23
What is the value of 89 + (-115 - -37 - -61)?
72
Evaluate (3 - 5 - (108 + -3 + 1)) + (147 - 133).
-94
Evaluate 133 + -5 - (-205 - -204) - 28.
101
What is 68 - (0 + 47 + (643 - 649))?
27
Evaluate -5 - (-6 + 5 + (-22 - (-17 - 1))).
0
1 - 8 - (-1 + 18 + (-25 - -20))
-19
-42 + 1 - ((-4 - 0) + 12 + (16 - 24))
-41
What is the value of (62 - (-16 - -12) - 36) + (-3 + 2 - -1)?
30
What is the value of (77 + -27 - 37) + -65 + 1 - 14?
-65
Evaluate (68 - (41 + 41)) + (0 - (-9 - -2)).
-7
16 - (455 + -449 + -3 + -1)
14
Evaluate -70 + 619 + -621 + (0 - -26).
-46
Calculate -109 + 242 - (43 + 158).
-68
Evaluate -11 - -15 - (46 - -4).
-46
-23 + 3 + 133 + -35 + -1 + 16 - 10
83
Evaluate (-128 - -48 - -81 - (-1 - 4)) + 84.
90
Calculate 2 - (-97 - (-2 + -1)) - (-915 + 931).
80
Evaluate (13 - 7) + (-15 - -31 - 40).
-18
Calculate 0 + (-1 - 14) + (114 - (-37 + 47)).
89
What is 22 - 3 - (15 - 16 - 21)?
41
Calculate -7 + -50 + 19 + 31 + (2 - -8).
3
What is ((3 + 7 - 6) + -1 - -3) + (2 - -59)?
67
What is -13 - (